{"id":70,"date":"2025-12-13T16:53:23","date_gmt":"2025-12-13T19:53:23","guid":{"rendered":"https:\/\/editoranorat.com.br\/congresso\/?page_id=70"},"modified":"2026-01-26T09:35:26","modified_gmt":"2026-01-26T12:35:26","slug":"iv-congresso-brasileiro-sobre-direito-e-processo-penal-seguranca-publica-investigacao-e-pericias-criminais","status":"publish","type":"page","link":"https:\/\/editoranorat.com.br\/congresso\/","title":{"rendered":"IV CONGRESSO BRASILEIRO SOBRE DIREITO E PROCESSO PENAL, SEGURAN\u00c7A P\u00daBLICA, INVESTIGA\u00c7\u00c3O E PER\u00cdCIAS CRIMINAIS"},"content":{"rendered":"<div class=\"wp-block-image\">\n<figure class=\"aligncenter size-full\"><img loading=\"lazy\" decoding=\"async\" width=\"540\" height=\"540\" src=\"https:\/\/editoranorat.com.br\/congresso\/wp-content\/uploads\/sites\/5\/2025\/12\/CONGRESSO-DIREITO-E-PROCESSO-PENAL-SEGURANCA-PUBLICA-INVESTIGACAO-E-PERICIAS-CRIMINAIS-2026_PEQ.jpg\" alt=\"\" class=\"wp-image-92\" srcset=\"https:\/\/editoranorat.com.br\/congresso\/wp-content\/uploads\/sites\/5\/2025\/12\/CONGRESSO-DIREITO-E-PROCESSO-PENAL-SEGURANCA-PUBLICA-INVESTIGACAO-E-PERICIAS-CRIMINAIS-2026_PEQ.jpg 540w, https:\/\/editoranorat.com.br\/congresso\/wp-content\/uploads\/sites\/5\/2025\/12\/CONGRESSO-DIREITO-E-PROCESSO-PENAL-SEGURANCA-PUBLICA-INVESTIGACAO-E-PERICIAS-CRIMINAIS-2026_PEQ-300x300.jpg 300w, https:\/\/editoranorat.com.br\/congresso\/wp-content\/uploads\/sites\/5\/2025\/12\/CONGRESSO-DIREITO-E-PROCESSO-PENAL-SEGURANCA-PUBLICA-INVESTIGACAO-E-PERICIAS-CRIMINAIS-2026_PEQ-150x150.jpg 150w\" sizes=\"auto, (max-width: 540px) 100vw, 540px\" \/><\/figure>\n<\/div>\n\n\n<p><\/p>\n\n\n\n<p class=\"has-black-color has-text-color has-link-color wp-elements-91f175932e1c80ced5883b87d680de79\"><strong>T\u00edtulo:<\/strong>\u00a0IV CONGRESSO BRASILEIRO SOBRE DIREITO E PROCESSO PENAL, SEGURAN\u00c7A P\u00daBLICA, INVESTIGA\u00c7\u00c3O E PER\u00cdCIAS CRIMINAIS<br><strong>Car\u00e1ter<\/strong>:Evento cient\u00edfico, na \u00e1rea jur\u00eddica, destinado ao fomento do ensino, pesquisa, ci\u00eancia e tecnologia.<br><strong>Certificado:<\/strong>\u00a012h.<br><strong>Local:<\/strong> Audit\u00f3rio EVA do UNIP\u00ca, Jo\u00e3o Pessoa &#8211; PB.<br><strong>Data:<\/strong>\u00a029 e 30 de janeiro de 2026.<br><strong>Capacidade M\u00e1xima de P\u00fablico:<\/strong>\u00a0150 pessoas.<\/p>\n\n\n\n<p class=\"has-black-color has-text-color has-link-color wp-elements-236bd05d73ee3b502212cda5b8a39633\">O&nbsp;<strong>IV CONGRESSO BRASILEIRO SOBRE DIREITO E PROCESSO PENAL, SEGURAN\u00c7A P\u00daBLICA, INVESTIGA\u00c7\u00c3O E PER\u00cdCIAS CRIMINAIS<\/strong>, promovido pela Editora Norat, Centro Universit\u00e1rio de Jo\u00e3o Pessoa &#8211; UNIP\u00ca e Secretaria de Seguran\u00e7a Urbana e Cidadania &#8211; SEMUSB, tem por escopo promover o debate, a troca de informa\u00e7\u00f5es, viv\u00eancias pr\u00e1ticas e de conhecimentos sociais, cient\u00edficos e acad\u00eamicos no campo das Ci\u00eancias Criminais, da Seguran\u00e7a P\u00fablica e Investiga\u00e7\u00e3o e Per\u00edcias Criminais, atrav\u00e9s da intera\u00e7\u00e3o entre os professores, doutrinadores, pesquisadores e profissionais, que, de maneira transdisciplinar, abordar\u00e3o temas sobre o complexo fen\u00f4meno da viol\u00eancia e seus impactos na sociedade e nas ci\u00eancias criminais.<\/p>\n\n\n\n<p class=\"has-black-color has-text-color has-link-color wp-elements-514d23a979cf5c5fd79b1e11d6cf60c2\">O <strong>IV CONGRESSO BRASILEIRO SOBRE DIREITO E PROCESSO PENAL, SEGURAN\u00c7A P\u00daBLICA, INVESTIGA\u00c7\u00c3O E PER\u00cdCIAS CRIMINAIS<\/strong>, ser\u00e1 realizado em 29 e 30 de janeiro de 2026 no Audit\u00f3rio EVA do&nbsp;<strong>Centro Universit\u00e1rio de Jo\u00e3o Pessoa &#8211; UNIP\u00ca<\/strong>, localizado na Rodovia BR-230, \u00c1gua Fria, Jo\u00e3o Pessoa &#8211; PB, 58053-000. O audit\u00f3rio possui capacidade para 150 pessoas em espa\u00e7o confort\u00e1vel e climatizado.<\/p>\n\n\n\n<p class=\"has-black-color has-text-color has-link-color wp-elements-1df46fe90d1aa5f8a0f895d19ced4ff2\">Terceira cidade mais antiga do Brasil, Jo\u00e3o Pessoa foi fundada em 1585, bem guardada nos seus monumentos e preservada no verde, que \u00e9 uma de suas caracter\u00edsticas mais fortes e que lhe rendeu o t\u00edtulo de segunda cidade mais arborizada do mundo, atr\u00e1s, apenas, de Paris. A cidade est\u00e1 entre as capitais brasileiras que mais crescem no Brasil, apresentando condi\u00e7\u00f5es de infraestrutura e log\u00edstica condizentes, al\u00e9m de possuir um amplo universo de pessoas interessadas nos assuntos jur\u00eddicos; reunindo, assim, os requisitos necess\u00e1rios e ideais para a realiza\u00e7\u00e3o de um grande congresso.<\/p>\n\n\n\n<p class=\"has-text-align-center has-black-color has-text-color has-link-color wp-elements-1c1bb4a58e268e7682848cc6bfb48c34\"><strong>Como chegar no local do Congresso:<\/strong><\/p>\n\n\n\n<p class=\"has-text-align-center\"><iframe src=\"https:\/\/www.google.com\/maps\/embed?pb=!1m18!1m12!1m3!1d3958.7198602140597!2d-34.860063325001285!3d-7.158351292846186!2m3!1f0!2f0!3f0!3m2!1i1024!2i768!4f13.1!3m3!1m2!1s0x7acc29aa9ce26af%3A0xaf72a28cd6276079!2sUNIP%C3%8A%20-%20Centro%20Universit%C3%A1rio%20-%20Campus%20Jo%C3%A3o%20Pessoa!5e0!3m2!1spt-BR!2sbr!4v1765658028465!5m2!1spt-BR!2sbr\" width=\"600\" height=\"450\" style=\"border:0;\" allowfullscreen=\"\" loading=\"lazy\" referrerpolicy=\"no-referrer-when-downgrade\"><\/iframe><\/p>\n","protected":false},"excerpt":{"rendered":"<p>T\u00edtulo:\u00a0IV CONGRESSO BRASILEIRO SOBRE DIREITO E PROCESSO PENAL, SEGURAN\u00c7A P\u00daBLICA, INVESTIGA\u00c7\u00c3O E PER\u00cdCIAS CRIMINAISCar\u00e1ter:Evento cient\u00edfico, na \u00e1rea jur\u00eddica, destinado ao fomento do ensino, pesquisa, ci\u00eancia e tecnologia.Certificado:\u00a012h.Local: Audit\u00f3rio EVA do UNIP\u00ca, Jo\u00e3o Pessoa &#8211; PB.Data:\u00a029 e 30 de janeiro de 2026.Capacidade M\u00e1xima de P\u00fablico:\u00a0150 pessoas. O&nbsp;IV CONGRESSO BRASILEIRO SOBRE DIREITO E PROCESSO PENAL, SEGURAN\u00c7A P\u00daBLICA,&hellip; <br \/> <a class=\"read-more\" href=\"https:\/\/editoranorat.com.br\/congresso\/\">Leia mais<\/a><\/p>\n","protected":false},"author":1,"featured_media":0,"parent":0,"menu_order":0,"comment_status":"closed","ping_status":"closed","template":"","meta":{"footnotes":""},"class_list":["post-70","page","type-page","status-publish","hentry"],"_links":{"self":[{"href":"https:\/\/editoranorat.com.br\/congresso\/wp-json\/wp\/v2\/pages\/70","targetHints":{"allow":["GET"]}}],"collection":[{"href":"https:\/\/editoranorat.com.br\/congresso\/wp-json\/wp\/v2\/pages"}],"about":[{"href":"https:\/\/editoranorat.com.br\/congresso\/wp-json\/wp\/v2\/types\/page"}],"author":[{"embeddable":true,"href":"https:\/\/editoranorat.com.br\/congresso\/wp-json\/wp\/v2\/users\/1"}],"replies":[{"embeddable":true,"href":"https:\/\/editoranorat.com.br\/congresso\/wp-json\/wp\/v2\/comments?post=70"}],"version-history":[{"count":10,"href":"https:\/\/editoranorat.com.br\/congresso\/wp-json\/wp\/v2\/pages\/70\/revisions"}],"predecessor-version":[{"id":181,"href":"https:\/\/editoranorat.com.br\/congresso\/wp-json\/wp\/v2\/pages\/70\/revisions\/181"}],"wp:attachment":[{"href":"https:\/\/editoranorat.com.br\/congresso\/wp-json\/wp\/v2\/media?parent=70"}],"curies":[{"name":"wp","href":"https:\/\/api.w.org\/{rel}","templated":true}]}}

IV CONGRESSO BRASILEIRO SOBRE DIREITO E PROCESSO PENAL, SEGURANÇA PÚBLICA, INVESTIGAÇÃO E PERÍCIAS CRIMINAIS

<div class="wp-block-image">
<figure class="aligncenter size-full"><img loading="lazy" decoding="async" width="540" height="540" src="https://editoranorat.com.br/congresso/wp-content/uploads/sites/5/2025/12/CONGRESSO-DIREITO-E-PROCESSO-PENAL-SEGURANCA-PUBLICA-INVESTIGACAO-E-PERICIAS-CRIMINAIS-2026_PEQ.jpg" alt="" class="wp-image-92" srcset="https://editoranorat.com.br/congresso/wp-content/uploads/sites/5/2025/12/CONGRESSO-DIREITO-E-PROCESSO-PENAL-SEGURANCA-PUBLICA-INVESTIGACAO-E-PERICIAS-CRIMINAIS-2026_PEQ.jpg 540w, https://editoranorat.com.br/congresso/wp-content/uploads/sites/5/2025/12/CONGRESSO-DIREITO-E-PROCESSO-PENAL-SEGURANCA-PUBLICA-INVESTIGACAO-E-PERICIAS-CRIMINAIS-2026_PEQ-300x300.jpg 300w, https://editoranorat.com.br/congresso/wp-content/uploads/sites/5/2025/12/CONGRESSO-DIREITO-E-PROCESSO-PENAL-SEGURANCA-PUBLICA-INVESTIGACAO-E-PERICIAS-CRIMINAIS-2026_PEQ-150x150.jpg 150w" sizes="auto, (max-width: 540px) 100vw, 540px" /></figure>
</div>


<p></p>



<p class="has-black-color has-text-color has-link-color wp-elements-91f175932e1c80ced5883b87d680de79"><strong>Título:</strong> IV CONGRESSO BRASILEIRO SOBRE DIREITO E PROCESSO PENAL, SEGURANÇA PÚBLICA, INVESTIGAÇÃO E PERÍCIAS CRIMINAIS<br><strong>Caráter</strong>:Evento científico, na área jurídica, destinado ao fomento do ensino, pesquisa, ciência e tecnologia.<br><strong>Certificado:</strong> 12h.<br><strong>Local:</strong> Auditório EVA do UNIPÊ, João Pessoa &#8211; PB.<br><strong>Data:</strong> 29 e 30 de janeiro de 2026.<br><strong>Capacidade Máxima de Público:</strong> 150 pessoas.</p>



<p class="has-black-color has-text-color has-link-color wp-elements-236bd05d73ee3b502212cda5b8a39633">O&nbsp;<strong>IV CONGRESSO BRASILEIRO SOBRE DIREITO E PROCESSO PENAL, SEGURANÇA PÚBLICA, INVESTIGAÇÃO E PERÍCIAS CRIMINAIS</strong>, promovido pela Editora Norat, Centro Universitário de João Pessoa &#8211; UNIPÊ e Secretaria de Segurança Urbana e Cidadania &#8211; SEMUSB, tem por escopo promover o debate, a troca de informações, vivências práticas e de conhecimentos sociais, científicos e acadêmicos no campo das Ciências Criminais, da Segurança Pública e Investigação e Perícias Criminais, através da interação entre os professores, doutrinadores, pesquisadores e profissionais, que, de maneira transdisciplinar, abordarão temas sobre o complexo fenômeno da violência e seus impactos na sociedade e nas ciências criminais.</p>



<p class="has-black-color has-text-color has-link-color wp-elements-514d23a979cf5c5fd79b1e11d6cf60c2">O <strong>IV CONGRESSO BRASILEIRO SOBRE DIREITO E PROCESSO PENAL, SEGURANÇA PÚBLICA, INVESTIGAÇÃO E PERÍCIAS CRIMINAIS</strong>, será realizado em 29 e 30 de janeiro de 2026 no Auditório EVA do&nbsp;<strong>Centro Universitário de João Pessoa &#8211; UNIPÊ</strong>, localizado na Rodovia BR-230, Água Fria, João Pessoa &#8211; PB, 58053-000. O auditório possui capacidade para 150 pessoas em espaço confortável e climatizado.</p>



<p class="has-black-color has-text-color has-link-color wp-elements-1df46fe90d1aa5f8a0f895d19ced4ff2">Terceira cidade mais antiga do Brasil, João Pessoa foi fundada em 1585, bem guardada nos seus monumentos e preservada no verde, que é uma de suas características mais fortes e que lhe rendeu o título de segunda cidade mais arborizada do mundo, atrás, apenas, de Paris. A cidade está entre as capitais brasileiras que mais crescem no Brasil, apresentando condições de infraestrutura e logística condizentes, além de possuir um amplo universo de pessoas interessadas nos assuntos jurídicos; reunindo, assim, os requisitos necessários e ideais para a realização de um grande congresso.</p>



<p class="has-text-align-center has-black-color has-text-color has-link-color wp-elements-1c1bb4a58e268e7682848cc6bfb48c34"><strong>Como chegar no local do Congresso:</strong></p>



<p class="has-text-align-center"><iframe src="https://www.google.com/maps/embed?pb=!1m18!1m12!1m3!1d3958.7198602140597!2d-34.860063325001285!3d-7.158351292846186!2m3!1f0!2f0!3f0!3m2!1i1024!2i768!4f13.1!3m3!1m2!1s0x7acc29aa9ce26af%3A0xaf72a28cd6276079!2sUNIP%C3%8A%20-%20Centro%20Universit%C3%A1rio%20-%20Campus%20Jo%C3%A3o%20Pessoa!5e0!3m2!1spt-BR!2sbr!4v1765658028465!5m2!1spt-BR!2sbr" width="600" height="450" style="border:0;" allowfullscreen="" loading="lazy" referrerpolicy="no-referrer-when-downgrade"></iframe></p>

<p>Título: IV CONGRESSO BRASILEIRO SOBRE DIREITO E PROCESSO PENAL, SEGURANÇA PÚBLICA, INVESTIGAÇÃO E PERÍCIAS CRIMINAISCaráter:Evento científico, na área jurídica, destinado ao fomento do ensino, pesquisa, ciência e tecnologia.Certificado: 12h.Local: Auditório EVA do UNIPÊ, João Pessoa &#8211; PB.Data: 29 e 30 de janeiro de 2026.Capacidade Máxima de Público: 150 pessoas. O&nbsp;IV CONGRESSO BRASILEIRO SOBRE DIREITO E PROCESSO PENAL, SEGURANÇA PÚBLICA,&hellip; <br /> <a class="read-more" href="https://editoranorat.com.br/congresso/">Leia mais</a></p>
