{"id":72,"date":"2025-12-13T16:54:30","date_gmt":"2025-12-13T19:54:30","guid":{"rendered":"https:\/\/editoranorat.com.br\/congresso\/?page_id=72"},"modified":"2025-12-14T02:42:15","modified_gmt":"2025-12-14T05:42:15","slug":"inscricoes","status":"publish","type":"page","link":"https:\/\/editoranorat.com.br\/congresso\/inscricoes\/","title":{"rendered":"INSCRI\u00c7\u00d5ES"},"content":{"rendered":"\n<p class=\"has-text-align-center\"><div id=\"even3-widget-ticket\" height=\"auto\"><\/div><script src=\"https:\/\/www.even3.com.br\/widget\/js?e=congresso-penal-672762&#038;t=ticket&#038;lang=pt\"><\/script><\/p>\n\n\n\n<p class=\"has-text-align-center has-black-color has-text-color has-background has-link-color wp-elements-ca86ca768a4bd2a9558164a1467bdb29\" style=\"background-color:#ffff00\"><strong>Solicitamos, de forma solid\u00e1ria, a doa\u00e7\u00e3o de alimentos n\u00e3o perec\u00edveis, que poder\u00e3o ser entregues no dia do evento por aqueles que desejarem contribuir.<\/strong> Todos os alimentos arrecadados ser\u00e3o doados para pessoas carentes.<\/p>\n\n\n\n<hr class=\"wp-block-separator has-alpha-channel-opacity\"\/>\n\n\n\n<p class=\"has-text-align-center has-black-color has-text-color has-link-color wp-elements-8c3da762cb42f71669e13ba865ad54bf\"><strong>CASO N\u00c3O CONSIGA SE INSCREVER ACIMA, VOC\u00ca TAMB\u00c9M PODE SE INSCREVER ATRAV\u00c9S DO LINK:<\/strong><br><a href=\"https:\/\/www.even3.com.br\/congresso-penal-672762\/\" target=\"_blank\" rel=\"noreferrer noopener\">https:\/\/www.even3.com.br\/congresso-penal-672762\/<\/a><\/p>\n\n\n\n<p><\/p>\n\n\n<div class=\"wp-block-image\">\n<figure class=\"aligncenter size-full\"><img loading=\"lazy\" decoding=\"async\" width=\"540\" height=\"540\" src=\"https:\/\/editoranorat.com.br\/congresso\/wp-content\/uploads\/sites\/5\/2025\/12\/CONGRESSO-DIREITO-E-PROCESSO-PENAL-SEGURANCA-PUBLICA-INVESTIGACAO-E-PERICIAS-CRIMINAIS-2026_PEQ.jpg\" alt=\"\" class=\"wp-image-92\" srcset=\"https:\/\/editoranorat.com.br\/congresso\/wp-content\/uploads\/sites\/5\/2025\/12\/CONGRESSO-DIREITO-E-PROCESSO-PENAL-SEGURANCA-PUBLICA-INVESTIGACAO-E-PERICIAS-CRIMINAIS-2026_PEQ.jpg 540w, https:\/\/editoranorat.com.br\/congresso\/wp-content\/uploads\/sites\/5\/2025\/12\/CONGRESSO-DIREITO-E-PROCESSO-PENAL-SEGURANCA-PUBLICA-INVESTIGACAO-E-PERICIAS-CRIMINAIS-2026_PEQ-300x300.jpg 300w, https:\/\/editoranorat.com.br\/congresso\/wp-content\/uploads\/sites\/5\/2025\/12\/CONGRESSO-DIREITO-E-PROCESSO-PENAL-SEGURANCA-PUBLICA-INVESTIGACAO-E-PERICIAS-CRIMINAIS-2026_PEQ-150x150.jpg 150w\" sizes=\"auto, (max-width: 540px) 100vw, 540px\" \/><\/figure>\n<\/div>","protected":false},"excerpt":{"rendered":"<p>Solicitamos, de forma solid\u00e1ria, a doa\u00e7\u00e3o de alimentos n\u00e3o perec\u00edveis, que poder\u00e3o ser entregues no dia do evento por aqueles que desejarem contribuir. Todos os alimentos arrecadados ser\u00e3o doados para pessoas carentes. CASO N\u00c3O CONSIGA SE INSCREVER ACIMA, VOC\u00ca TAMB\u00c9M PODE SE INSCREVER ATRAV\u00c9S DO LINK:https:\/\/www.even3.com.br\/congresso-penal-672762\/<\/p>\n","protected":false},"author":1,"featured_media":0,"parent":0,"menu_order":0,"comment_status":"closed","ping_status":"closed","template":"","meta":{"footnotes":""},"class_list":["post-72","page","type-page","status-publish","hentry"],"_links":{"self":[{"href":"https:\/\/editoranorat.com.br\/congresso\/wp-json\/wp\/v2\/pages\/72","targetHints":{"allow":["GET"]}}],"collection":[{"href":"https:\/\/editoranorat.com.br\/congresso\/wp-json\/wp\/v2\/pages"}],"about":[{"href":"https:\/\/editoranorat.com.br\/congresso\/wp-json\/wp\/v2\/types\/page"}],"author":[{"embeddable":true,"href":"https:\/\/editoranorat.com.br\/congresso\/wp-json\/wp\/v2\/users\/1"}],"replies":[{"embeddable":true,"href":"https:\/\/editoranorat.com.br\/congresso\/wp-json\/wp\/v2\/comments?post=72"}],"version-history":[{"count":12,"href":"https:\/\/editoranorat.com.br\/congresso\/wp-json\/wp\/v2\/pages\/72\/revisions"}],"predecessor-version":[{"id":176,"href":"https:\/\/editoranorat.com.br\/congresso\/wp-json\/wp\/v2\/pages\/72\/revisions\/176"}],"wp:attachment":[{"href":"https:\/\/editoranorat.com.br\/congresso\/wp-json\/wp\/v2\/media?parent=72"}],"curies":[{"name":"wp","href":"https:\/\/api.w.org\/{rel}","templated":true}]}}

INSCRIÇÕES

<p class="has-text-align-center"><div id="even3-widget-ticket" height="auto"></div><script src="https://www.even3.com.br/widget/js?e=congresso-penal-672762&#038;t=ticket&#038;lang=pt"></script></p>



<p class="has-text-align-center has-black-color has-text-color has-background has-link-color wp-elements-ca86ca768a4bd2a9558164a1467bdb29" style="background-color:#ffff00"><strong>Solicitamos, de forma solidária, a doação de alimentos não perecíveis, que poderão ser entregues no dia do evento por aqueles que desejarem contribuir.</strong> Todos os alimentos arrecadados serão doados para pessoas carentes.</p>



<hr class="wp-block-separator has-alpha-channel-opacity"/>



<p class="has-text-align-center has-black-color has-text-color has-link-color wp-elements-8c3da762cb42f71669e13ba865ad54bf"><strong>CASO NÃO CONSIGA SE INSCREVER ACIMA, VOCÊ TAMBÉM PODE SE INSCREVER ATRAVÉS DO LINK:</strong><br><a href="https://www.even3.com.br/congresso-penal-672762/" target="_blank" rel="noreferrer noopener">https://www.even3.com.br/congresso-penal-672762/</a></p>



<p></p>


<div class="wp-block-image">
<figure class="aligncenter size-full"><img loading="lazy" decoding="async" width="540" height="540" src="https://editoranorat.com.br/congresso/wp-content/uploads/sites/5/2025/12/CONGRESSO-DIREITO-E-PROCESSO-PENAL-SEGURANCA-PUBLICA-INVESTIGACAO-E-PERICIAS-CRIMINAIS-2026_PEQ.jpg" alt="" class="wp-image-92" srcset="https://editoranorat.com.br/congresso/wp-content/uploads/sites/5/2025/12/CONGRESSO-DIREITO-E-PROCESSO-PENAL-SEGURANCA-PUBLICA-INVESTIGACAO-E-PERICIAS-CRIMINAIS-2026_PEQ.jpg 540w, https://editoranorat.com.br/congresso/wp-content/uploads/sites/5/2025/12/CONGRESSO-DIREITO-E-PROCESSO-PENAL-SEGURANCA-PUBLICA-INVESTIGACAO-E-PERICIAS-CRIMINAIS-2026_PEQ-300x300.jpg 300w, https://editoranorat.com.br/congresso/wp-content/uploads/sites/5/2025/12/CONGRESSO-DIREITO-E-PROCESSO-PENAL-SEGURANCA-PUBLICA-INVESTIGACAO-E-PERICIAS-CRIMINAIS-2026_PEQ-150x150.jpg 150w" sizes="auto, (max-width: 540px) 100vw, 540px" /></figure>
</div>

<p>Solicitamos, de forma solidária, a doação de alimentos não perecíveis, que poderão ser entregues no dia do evento por aqueles que desejarem contribuir. Todos os alimentos arrecadados serão doados para pessoas carentes. CASO NÃO CONSIGA SE INSCREVER ACIMA, VOCÊ TAMBÉM PODE SE INSCREVER ATRAVÉS DO LINK:https://www.even3.com.br/congresso-penal-672762/</p>
